34204.
68
Calculate the greatest common factor of 261580 and 4059.
451
What is the greatest common factor of 145376 and 84?
28
What is the highest common divisor of 224 and 412748?
28
What is the highest common factor of 2344 and 6?
2
What is the greatest common factor of 8125568 and 398?
398
Calculate the highest common factor of 186305 and 105.
35
Calculate the greatest common factor of 101676 and 24975.
111
What is the greatest common factor of 832 and 638080?
64
What is the highest common factor of 32280 and 480?
120
What is the greatest common factor of 4375 and 175?
175
What is the greatest common divisor of 1191537 and 27?
27
Calculate the highest common divisor of 2604 and 5019.
21
What is the greatest common divisor of 496 and 24056?
248
Calculate the greatest common factor of 1638 and 403.
13
What is the greatest common factor of 84 and 5908?
28
What is the highest common divisor of 4 and 644654?
2
What is the greatest common divisor of 2685 and 18079?
179
What is the highest common divisor of 2250149 and 337?
337
What is the greatest common factor of 253 and 621?
23
What is the highest common factor of 1475 and 7675?
25
What is the highest common factor of 3435924 and 118?
118
What is the greatest common factor of 1531 and 6698125?
1531
Calculate the highest common divisor of 33338 and 3798.
422
What is the highest common divisor of 109516 and 704?
44
Calculate the highest common divisor of 304 and 339796.
76
Calculate the greatest common divisor of 640 and 79280.
80
What is the highest common divisor of 850662 and 2754?
162
What is the highest common divisor of 153538 and 154?
154
Calculate the greatest common divisor of 50 and 91340.
10
What is the greatest common factor of 38 and 664012?
38
What is the greatest common divisor of 30 and 905?
5
Calculate the highest common factor of 80 and 105200.
80
Calculate the greatest common factor of 852058 and 46.
46
Calculate the highest common factor of 1377 and 1395.
9
Calculate the highest common divisor of 781932 and 204.
204
Calculate the greatest common factor of 39 and 1398449.
13
What is the highest common divisor of 612 and 29835?
153
What is the highest common divisor of 25187 and 2830?
283
Calculate the highest common divisor of 19126 and 1168.
146
Calculate the highest common divisor of 8037 and 3243.
141
Calculate the greatest common divisor of 3029 and 303599.
233
What is the greatest common factor of 109244 and 181486?
1762
Calculate the greatest common factor of 410 and 17630.
410
What is the highest common divisor of 132 and 57660?
12
Calculate the highest common divisor of 3124 and 4190846.
1562
What is the greatest common divisor of 140 and 3711520?
20
What is the greatest common factor of 9024 and 37929?
141
Calculate the greatest common factor of 17 and 62441.
17
What is the highest common factor of 96752 and 16?
16
Calculate the highest common divisor of 30 and 3970.
10
Calculate the greatest common factor of 4956 and 644988.
708
What is the greatest common divisor of 314544 and 16?
16
What is the greatest common divisor of 36 and 18120?
12
What is the greatest common divisor of 5 and 208730?
5
What is the greatest common factor of 27311 and 38764?
881
Calculate the highest common factor of 933886 and 2954.
422
What is the greatest common divisor of 47214 and 4128?
258
Calculate the highest common divisor of 133 and 88319.
7
Calculate the greatest common factor of 2562 and 210.
42
What is the highest common factor of 567 and 2163?
21
Calculate the highest common factor of 99 and 54582.
33
Calculate the highest common factor of 100006 and 124.
62
What is the highest common divisor of 5400 and 328?
8
Calculate the greatest common factor of 850 and 5134.
34
What is the greatest common divisor of 42 and 100086?
42
What is the greatest common divisor of 1109132 and 1148?
164
Calculate the highest common divisor of 37883 and 9632.
43
What is the highest common factor of 24613325 and 649?
649
What is the greatest common divisor of 1443 and 13468?
481
Calculate the highest common divisor of 898 and 149068.
898
What is the highest common divisor of 58 and 235306?
58
What is the greatest common factor of 155 and 50?
5
Calculate the highest common factor of 17830 and 190.
10
What is the greatest common divisor of 40 and 181528?
8
Calculate the highest common factor of 5454 and 378.
54
Calculate the highest common divisor of 3 and 17091.
3
Calculate the highest common divisor of 837785 and 65.
65
What is the greatest common factor of 3608 and 20992?
328
Calculate the highest common factor of 13 and 290667.
13
What is the greatest common factor of 660 and 1155?
165
What is the highest common divisor of 1386 and 4116?
42
What is the highest common factor of 26945248 and 22?
22
What is the greatest common factor of 3172968 and 1905?
381
What is the greatest common factor of 348 and 54752?
116
Calculate the highest common factor of 7456 and 2330.
466
What is the highest common factor of 8379 and 779?
19
Calculate the greatest common factor of 400 and 20200.
200
Calculate the greatest common divisor of 2172 and 600.
12
What is the greatest common divisor of 104215 and 475?
95
What is the highest common divisor of 8291952 and 1941?
1941
What is the greatest common factor of 64 and 2547872?
32
Calculate the greatest common factor of 40081 and 6109.
149
What is the highest common divisor of 849 and 1?
1
Calculate the greatest common factor of 1216 and 15168.
64
Calculate the highest common factor of 888 and 32076.
12
What is the highest common divisor of 215454 and 8?
2
What is the highest common divisor of 7918 and 2294?
74
Calculate the highest common factor of 691472 and 1472.
368
What is the greatest common factor of 11 and 6376601?
11
What is the highest common factor of 239064 and 189?
21
Calculate the greatest common divisor of 66272 and 448.
32
What is the highest common factor of 80 and 192490?
10
Calculate the highest common factor of 36470 and 90.
10
Calculate the highest common factor of 686431 and 79.
79
What is the greatest common factor of 637647 and 129?
129
Calculate the greatest common factor of 4214 and 8.
2
Calculate the highest common divisor of 2478 and 63366.
354
Calculate the highest common factor of 10 and 53990.
10
What is the greatest common divisor of 564 and 144572?
188
Calculate the greatest common divisor of 9620 and 16640.
260
Calculate the greatest common divisor of 8112 and 12688.
208
What is the greatest common factor of 8230 and 80?
10
Calculate the greatest common factor of 108 and 21096.
36
What is the greatest common factor of 59982 and 168?
6
What is the greatest common divisor of 15000 and 225?
75
Calculate the highest common divisor of 9804 and 196897.
817
Calculate the highest common divisor of 112 and 9422.
14
Calculate the highest common divisor of 98 and 65744.
14
What is the highest common divisor of 598 and 3580226?
598
Calculate the greatest common factor of 138553 and 349.
349
What is the highest common factor of 60 and 374685?
15
What is the greatest common divisor of 5612172 and 6?
6
Calculate the highest common divisor of 2985 and 75.
15
Calculate the greatest common factor of 6136 and 456424.
472
Calculate the highest common divisor of 3666 and 1138434.
282
What is the greatest common factor of 704 and 34760?
88
What is the greatest common factor of 114 and 8221832?
38
What is the highest common factor of 1819 and 2975?
17
Calculate the greatest common factor of 1296 and 39096.
216
Calculate the highest common divisor of 6960 and 42195.
435
What is the greatest common factor of 16910 and 100510?
190
Calculate the greatest common factor of 6 and 12279.
3
Calculate the highest common factor of 70 and 173620.
10
Calculate the greatest common factor of 16 and 55408.
16
Calculate the highest common factor of 5759225 and 50.
25
What is the greatest common divisor of 16434 and 1474?
22
What is the greatest common factor of 585 and 280?
5
What is the greatest common factor of 227850 and 2800?
350
Calculate the highest common divisor of 3264 and 672.
96
What is the greatest common divisor of 319 and 704033?
319
What is the greatest common factor of 169131 and 3?
3
What is the greatest common divisor of 344191 and 1473?
491
What is the grea